uppose 634381 + 1936481 = 21*h. Is h a composite number?
True
Let x(z) = -9*z**3 - 7*z**2 - 9*z - 7. Let r(l) = 6*l**3 + 5*l**2 + 6*l + 5. Let t(p) = -8*r(p) - 5*x(p). Let k = -204 - -200. Is t(k) composite?
True
Suppose -67362 - 49299 = -62*v - 16159. Is v prime?
True
Is (-3220)/1288*(0 - (-5770614)/(-15)) prime?
True
Let s(q) = q**3 + 5*q**2 + 4*q. Let d be s(-3). Suppose 67593 = 5*a + o, 2*o = d*o + 8. Is a a prime number?
False
Suppose 0 = 81*g + 6*g - 170*g + 48565873. Is g a composite number?
False
Let h(v) = -3807*v**3 + 4*v**2 + 11*v + 33. Is h(-4) a prime number?
True
Is ((-11)/(-11))/((-5)/(-69595)) composite?
True
Let y(r) = 19*r**2 + 10*r - 21. Suppose 0 = 2*o - z + 7 - 70, o - 5*z = 9. Suppose g - 4*t - o = -14, -3*g - 3*t = 0. Is y(g) a composite number?
True
Let u be 3 + -1 + 1 + 6520. Let o = 15278 - u. Let m = -4142 + o. Is m prime?
False
Let g(q) = 118399*q + 2210. Is g(3) a prime number?
False
Let q(d) = 279*d**3 - d**2 - 15*d + 71. Is q(6) composite?
False
Let v be 4/((-12)/(-9))*9. Let j = 671 - 583. Let w = v + j. Is w prime?
False
Let x = -7950 - -14403. Let s = x - -598. Is s composite?
True
Let c(v) = 968*v**2 - 5*v + 24. Is c(-7) a prime number?
True
Suppose 761116 = 4*f - 4*h, -17*f - 4*h = -22*f + 951390. Suppose 29*w - f = 15*w. Is w composite?
False
Let z(w) = 219*w**2 - 112*w - 2142. Is z(-55) prime?
True
Is (-2)/9*511623/(-42) composite?
False
Suppose -2*i + 1628 = -k - 1477, -5*k = -i + 1566. Suppose 31084 = 4*b + 4*t, 3*b + i - 24876 = 3*t. Is b composite?
True
Suppose 0 = -5*p + 84 - 64. Suppose p*b - 1050 = -2*u, 3*b + 4*u - 785 = -0*b. Is b a composite number?
False
Let f = -3265914 + 4850551. Is f prime?
False
Let o(w) = 18*w - 64. Let f be o(5). Suppose 30*d - f*d - 7716 = 0. Is d prime?
False
Let g = -814470 - -1564361. Is g a composite number?
False
Let v(a) = 79*a**2 - 61*a + 445. Is v(7) prime?
True
Let h = -32 + 35. Suppose 0 = 5*s + 15 + 5, -4*t + 5432 = h*s. Is t composite?
False
Let h(p) = 20*p - 11. Let g(v) = -7*v + 4. Let o(t) = 11*g(t) + 4*h(t). Let d be o(-1). Is ((-516)/(-16) - d)*4 a prime number?
False
Let x = 2189 - 4566. Let t = -1316 - x. Is t a composite number?
False
Suppose 61*r - 1623549 = -3*j + 56*r, 0 = -3*j + 2*r + 1623591. Is j prime?
True
Suppose -2*c + 3*r = -394936, -3*c - 524*r + 592395 = -527*r. Is c prime?
False
Suppose -955750 = -5*m + 4*w + 2064891, 4*m + 4*w = 2416556. Is m a prime number?
False
Let l be (-41)/(-5) - 20/100. Let n(u) = 40*u**2 + 12*u - 27. Is n(l) a prime number?
False
Let t = 76 - 46. Let g = -27 + t. Suppose -2*a = -g*a + 19. Is a composite?
False
Suppose 5*z + 22 = -343. Let x = z + 148. Let y = x - 38. Is y a composite number?
False
Suppose -2077952 = -4*u + 3*j, j + 2459316 + 138135 = 5*u. Suppose 0 = -14*f - 33*f + u. Is f prime?
False
Suppose -26*m + 2113295 + 4804299 = -2823020. Is m a composite number?
False
Is 15/(4/(-7914)*-9897 + -5) a prime number?
False
Suppose 0 = 32*h - 2*h - 390. Let w(o) = 379*o - 210. Is w(h) a composite number?
True
Let p(t) be the third derivative of t**5/30 - t**4/8 + t**3/3 - 21*t**2. Let u be p(2). Suppose i - 4*a - 2307 = -526, 5*i - 8985 = u*a. Is i a prime number?
True
Let l be (-121350)/(-36) + 3/18. Let j = l - 72. Is j a prime number?
True
Let u = 540 - 336. Let h be (6/4*1)/(9/u). Suppose -3*n + 4*q + 95 = h, 0 = -2*n - 3*q + 52. Is n a prime number?
True
Let o = -50 - -71. Suppose -252 = 3*a - 216. Is ((-152)/a - -3)*o a prime number?
False
Let w(n) = -2*n**3 + 4*n**2 - 5*n + 173127. Is w(0) a prime number?
False
Let w(a) = -1285*a - 621. Is w(-88) prime?
True
Suppose -23*a + 19*a = 8, 39487 = 3*g + 4*a. Is g composite?
True
Let k be 1/2*3 + (-127665)/(-90). Let t = k - 764. Let x = -349 + t. Is x prime?
True
Let f(u) = -2*u**3 - 8*u**2 + 1. Let p be f(-4). Let r be (-3878)/(-3) - (p + (-8)/6). Let q = 3172 - r. Is q a composite number?
False
Suppose -j + 8257 = 3*q, 31*q - 32*q = -4*j + 33080. Suppose -725*a = -724*a - j. Is a composite?
False
Let d = 146 - 134. Let z be -6*(-3)/d + 1/(-2). Is (z/(-3))/(5/(-53145)) a composite number?
True
Suppose 2*r - 3020 = -2*r. Let u = -274 + r. Let a = -280 + u. Is a a composite number?
True
Let h be (-2)/11 + (-650794)/(-187). Suppose 8*m - 3*m = h. Let q = m - -181. Is q prime?
True
Let b be (-7961 + 10)*(-1 - 1) + 3. Let k = -8290 + b. Is k composite?
True
Suppose 0 = 2*l + 8*l - 170. Let y(i) = 4*i**2 + 8*i + 167. Is y(l) composite?
False
Let i = -346130 + 737023. Is i a prime number?
True
Suppose 3*a = w + 913 + 1123, -4*w = a + 8170. Suppose -3*s - 506 = 415. Let r = s - w. Is r prime?
False
Is 44802 + 7/(21/(-39)) prime?
True
Is (-1 + 15/(-6) + -2)/((-38)/51452) a prime number?
False
Suppose -219*f = -227*f + 3301784. Is f a composite number?
True
Let y = -1014 + 7214. Suppose -9*d - d + y = 0. Let z = -127 + d. Is z composite?
True
Let d(b) = 2484*b**2 - 183*b + 1397. Is d(8) a composite number?
False
Suppose 4614013 + 2757850 = 171*p + 1554272. Is p prime?
False
Let i be 150/35 - 12/42. Suppose -2*g + 4152 = -4*a, -4*a - a = -5*g + 10375. Suppose 1050 = i*w - g. Is w a prime number?
False
Suppose 8*p + 8 = 9*p. Let r = -6 + p. Suppose r*t = 316 + 470. Is t composite?
True
Suppose 4*o = 3*r - 5*r + 144590, -108415 = -3*o + 4*r. Is o composite?
True
Let x(j) = -5*j + 48. Let m be x(9). Is m*(-2)/(-6) - -76*505 a composite number?
True
Let l = 36 - 35. Suppose 0 = -2*d - l + 7. Suppose -2*q - q - u + 17 = 0, -d*u + 3 = q. Is q composite?
True
Suppose -2*n + 53 = 4*z + 3*n, -21 = -2*z + 3*n. Let f be -2*((-3)/z)/(5/30). Suppose -42 = -f*c + 627. Is c prime?
True
Let b = 318157 - 155598. Is b prime?
False
Suppose -7*j = -147 + 231. Let y(v) = -5*v**3 - 25*v**2 + 14*v - 45. Is y(j) a composite number?
True
Let d = 75483 + -49642. Let r = 2151 - -17984. Suppose 0 = -8*i + r + d. Is i prime?
False
Suppose -44*c - 80*c + 69791044 = 0. Is c composite?
False
Let v(y) = -48*y**3 - 4*y**2 + 8*y + 3. Let a be v(-4). Suppose 14*d - 7451 = a. Is d prime?
False
Let o(v) = 22*v + 13. Let i be o(-1). Is (i*3/(-9) - 1174)*-1 a prime number?
True
Suppose 0 = -23*u + 51*u - 397768. Let f = -8705 + u. Is f a composite number?
False
Suppose -5*f + 1944585 = -5*p, 14*f + 1555664 = 18*f - 2*p. Is f a prime number?
False
Suppose 0 = -34*r + 63*r - 1979714. Suppose 0 = 12*s + 10*s - r. Is s a composite number?
True
Suppose 6*r = 4337 - 1607. Suppose -2*x - 3*d = -283, 0 = -5*x - 3*d + 248 + r. Let q = x - -311. Is q composite?
True
Let o = -16 + -28. Is o/33*109884/(-16) composite?
False
Let h(f) = 52*f - 57. Let d be h(28). Let x be (12/(-10))/((-2)/1310). Let t = d - x. Is t prime?
True
Let i(w) = -6*w**2 + 6*w - 7. Let o be i(7). Let b = 24 + o. Let f = b - -2954. Is f composite?
False
Let v = -4356767 - -6668862. Is v a composite number?
True
Let k be 4850/(-45) - (-10)/(-45). Let p = k - -113. Suppose 8*q - 6539 = -p*q. Is q composite?
False
Let q = -385967 + 691684. Is q a prime number?
True
Let r(f) = -24538*f - 5731. Is r(-21) a composite number?
True
Let c = -142857 - -236310. Suppose -87700 = -49*g + c. Is g prime?
True
Let v be (102/(-14) + 7 + -2)*-7. Is v - -2031 - 12/2 prime?
False
Let s = 31875 - -21254. Is s composite?
False
Suppose 0 = r + 3*f - 4434, 28886 = 5*r - 2*f + 6716. Let o = 5717 + r. Is o a prime number?
True
Let c be 9*((-22)/(-18) - 1). Suppose 1584 = c*z - 3*p, 0*z + 2375 = 3*z - 5*p. Let n = z - 212. Is n prime?
False
Is ((-6)/(-345))/((-5)/(-25)) + 865302/46 a composite number?
True
Let a(q) = 32*q**3 - 30*q**2 + q + 49. Let s be a(-16). Let w = -77092 - s. Is w prime?
True
Let b(r) = -6*r**3 + 3*r**2 - 7*r + 1. Let s be b(-8). Suppose 5*h + 876 = s. Suppose 0 = -3*i + h + 48. Is i composite?
False
Let h(k) = -2*k**2 + 26*k - 27. Let a be h(12). Let o be (a + 223)*138/24. Let m = o - 387. Is m composite?
True
Let j = -34 - -34. Suppose -354 = -2*l + 2*i - 1552, -2*l - 2*i - 1178 = j. Let q = 1507 + l. Is q prime?
False
Let g(b) be the second derivative of 109*b**3/6 - 27*b**2/2 + 24*b. Let q(z) = -54*z + 13. Let i(j) = -4*g(j) - 7*q(j). Is i(-3) a prime number?
True
Suppose -2*g - u + 179 = 0, -4*g + 3*u = -g - 246. Suppose -5*d = 4*t - 2724, -4*d + 2732 = d + 2*t. Let s = d + g. Is s a composite number?
True
Suppose 5*t = 12*t - 557053. Is t pr